t are the prime factors of 8003263?
8003263
What are the prime factors of 1785894?
2, 3, 11, 27059
List the prime factors of 183610.
2, 5, 7, 43, 61
What are the prime factors of 117346?
2, 23, 2551
What are the prime factors of 9594841?
23, 31, 13457
What are the prime factors of 231767?
227, 1021
What are the prime factors of 21239966?
2, 11, 965453
List the prime factors of 970653.
3, 19, 17029
List the prime factors of 7545298.
2, 587, 6427
List the prime factors of 4650084.
2, 3, 129169
List the prime factors of 765749.
765749
List the prime factors of 1617744.
2, 3, 33703
List the prime factors of 570192.
2, 3, 7, 1697
List the prime factors of 37982991.
3, 12660997
What are the prime factors of 327169?
53, 6173
List the prime factors of 1437634.
2, 11, 101, 647
What are the prime factors of 1100528?
2, 11, 13, 37
List the prime factors of 265027.
7, 37861
List the prime factors of 191057.
191057
What are the prime factors of 5293148?
2, 7, 189041
What are the prime factors of 20948882?
2, 37, 283093
What are the prime factors of 1508022?
2, 3, 199, 421
List the prime factors of 211481.
73, 2897
List the prime factors of 14290121.
14290121
What are the prime factors of 1033515?
3, 5, 7, 17, 193
What are the prime factors of 218373?
3, 83, 877
List the prime factors of 5360011.
557, 9623
List the prime factors of 48718.
2, 24359
List the prime factors of 8731595.
5, 167, 10457
List the prime factors of 237567.
3, 11, 23, 313
List the prime factors of 218950.
2, 5, 29, 151
What are the prime factors of 65510?
2, 5, 6551
What are the prime factors of 55619?
55619
What are the prime factors of 222410?
2, 5, 23, 967
What are the prime factors of 21398?
2, 13, 823
List the prime factors of 7576448.
2, 11, 5381
What are the prime factors of 3243599?
271, 11969
List the prime factors of 287636.
2, 71909
List the prime factors of 3025314.
2, 3, 131, 1283
List the prime factors of 13468171.
3643, 3697
List the prime factors of 244697.
23, 10639
List the prime factors of 17981019.
3, 7, 17, 103, 163
What are the prime factors of 2860363?
11, 457, 569
List the prime factors of 12798969.
3, 1109, 3847
List the prime factors of 13662440.
2, 5, 11, 31051
List the prime factors of 7687064.
2, 7, 11, 12479
List the prime factors of 254127.
3, 23, 29, 127
What are the prime factors of 3576321?
3, 7, 56767
What are the prime factors of 9178081?
11, 23, 36277
List the prime factors of 307982.
2, 153991
What are the prime factors of 393157?
393157
List the prime factors of 2831020.
2, 5, 141551
List the prime factors of 304803.
3, 53, 71
What are the prime factors of 392929?
392929
What are the prime factors of 22006622?
2, 11, 47, 21283
What are the prime factors of 2213554?
2, 7, 43, 3677
List the prime factors of 61779.
3, 20593
What are the prime factors of 936939?
3, 312313
What are the prime factors of 275668?
2, 68917
List the prime factors of 8487143.
7, 173207
What are the prime factors of 356578?
2, 178289
What are the prime factors of 929434?
2, 11, 83, 509
What are the prime factors of 903306?
2, 3, 150551
List the prime factors of 6484375.
5, 83
What are the prime factors of 17014324?
2, 463, 9187
List the prime factors of 1871579.
23, 81373
List the prime factors of 22050659.
19, 149, 7789
What are the prime factors of 102575?
5, 11, 373
What are the prime factors of 8208298?
2, 7, 661, 887
What are the prime factors of 114486?
2, 3, 19081
What are the prime factors of 4021636?
2, 1005409
What are the prime factors of 5230580?
2, 5, 261529
List the prime factors of 2951763.
3, 457, 2153
List the prime factors of 154699.
154699
What are the prime factors of 5441436?
2, 3, 7, 11, 13, 151
What are the prime factors of 293026?
2, 146513
List the prime factors of 59467.
59467
What are the prime factors of 798636?
2, 3, 66553
List the prime factors of 1112587.
7, 158941
List the prime factors of 87504.
2, 3, 1823
What are the prime factors of 1755655?
5, 11, 137, 233
List the prime factors of 192525.
3, 5, 17, 151
What are the prime factors of 8919511?
227, 39293
List the prime factors of 3343448.
2, 417931
List the prime factors of 182371.
7, 26053
What are the prime factors of 630468?
2, 3, 83, 211
List the prime factors of 8854859.
13, 277, 2459
What are the prime factors of 8147557?
11, 740687
List the prime factors of 44762.
2, 22381
List the prime factors of 1000119.
3, 389, 857
List the prime factors of 196959.
3, 7, 83, 113
List the prime factors of 297513.
3, 3673
What are the prime factors of 3099110?
2, 5, 7, 44273
What are the prime factors of 70738?
2, 113, 313
What are the prime factors of 828106?
2, 414053
List the prime factors of 6784731.
3, 753859
List the prime factors of 2130834.
2, 3, 355139
List the prime factors of 11744653.
241, 48733
List the prime factors of 42659.
29, 1471
What are the prime factors of 252278?
2, 13, 31, 313
List the prime factors of 26510838.
2, 3, 1303, 3391
What are the prime factors of 243235?
5, 48647
List the prime factors of 3373004.
2, 17, 49603
List the prime factors of 9326834.
2, 11, 19, 53, 421
List the prime factors of 305547.
3, 11, 47, 197
What are the prime factors of 527918?
2, 17, 15527
What are the prime factors of 4221545?
5, 844309
What are the prime factors of 586812?
2, 3, 79, 619
What are the prime factors of 159828?
2, 3, 19, 701
What are the prime factors of 18878737?
41, 137, 3361
What are the prime factors of 2539805?
5, 507961
List the prime factors of 359642.
2, 179821
What are the prime factors of 80504?
2, 29, 347
List the prime factors of 810790.
2, 5, 89, 911
List the prime factors of 2112641.
17, 151, 823
What are the prime factors of 743456?
2, 7, 3319
What are the prime factors of 537899?
537899
List the prime factors of 805046.
2, 11, 23, 37, 43
What are the prime factors of 660019?
127, 5197
List the prime factors of 5500931.
149, 36919
What are the prime factors of 560974?
2, 280487
What are the prime factors of 1956943?
19, 127, 811
List the prime factors of 1366761.
3, 11, 83, 499
List the prime factors of 4290995.
5, 23, 37313
List the prime factors of 3247650.
2, 3, 5, 7, 1031
List the prime factors of 2742879.
3, 914293
List the prime factors of 86713.
11, 7883
List the prime factors of 276914.
2, 11, 41, 307
What are the prime factors of 8625041?
293, 29437
What are the prime factors of 6338660?
2, 5, 557, 569
What are the prime factors of 2525206?
2, 359, 3517
List the prime factors of 9270099.
3, 343337
List the prime factors of 5320428.
2, 3, 443369
List the prime factors of 13372821.
3, 7, 11, 23, 839
List the prime factors of 1470924.
2, 3, 7, 13, 449
List the prime factors of 199097.
37, 5381
List the prime factors of 184987.
11, 67, 251
List the prime factors of 161775.
3, 5, 719
What are the prime factors of 1510192?
2, 37, 2551
What are the prime factors of 13321197?
3, 59, 25087
List the prime factors of 157811.
17, 9283
What are the prime factors of 45337?
45337
What are the prime factors of 21160?
2, 5, 23
List the prime factors of 158320.
2, 5, 1979
List the prime factors of 1108845.
3, 5, 41, 601
What are the prime factors of 4064198?
2, 257, 7907
List the prime factors of 253210.
2, 5, 25321
List the prime factors of 13503400.
2, 5, 107, 631
What are the prime factors of 879716?
2, 17, 761
List the prime factors of 44260.
2, 5, 2213
What are the prime factors of 1731704?
2, 13, 16651
List the prime factors of 4090035.
3, 5, 19, 113, 127
What are the prime factors of 1425125?
5, 13, 877
What are the prime factors of 16165980?
2, 3, 5, 17, 587
List the prime factors of 2416952.
2, 19, 15901
List the prime factors of 98841.
3, 47, 701
List the prime factors of 781174.
2, 137, 2851
List the prime factors of 3907930.
2, 5, 13, 23, 1307
What are the prime factors of 755050?
2, 5, 15101
What are the prime factors of 6015329?
113, 53233
List the prime factors of 93770.
2, 5, 9377
What are the prime factors of 821963?
461, 1783
List the prime factors of 16244481.
3, 11, 492257
List the prime factors of 2672559.
3, 19, 15629
What are the prime factors of 3420111?
3, 17, 67061
List the prime factors of 117238.
2, 11, 73
What are the prime factors of 10360279?
29, 97, 127
List the prime factors of 1482998.
2, 11, 67409
List the prime factors of 601237.
7